 is the remainder when 62237137 is divided by 18?
13
What is the remainder when 16681321 is divided by 5560436?
13
Calculate the remainder when 1046829 is divided by 1733.
97
What is the remainder when 5823170 is divided by 529373?
67
What is the remainder when 375092 is divided by 410?
352
What is the remainder when 1144657 is divided by 739?
685
What is the remainder when 131115 is divided by 65481?
153
Calculate the remainder when 700763 is divided by 2098.
31
What is the remainder when 89222 is divided by 14850?
122
What is the remainder when 14288503 is divided by 234?
229
What is the remainder when 14487879 is divided by 76?
75
Calculate the remainder when 351676 is divided by 1232.
556
What is the remainder when 822557 is divided by 205573?
265
What is the remainder when 22759209 is divided by 129?
126
What is the remainder when 29025 is divided by 1497?
582
What is the remainder when 7500162 is divided by 69?
0
What is the remainder when 127052 is divided by 971?
822
Calculate the remainder when 175280 is divided by 35015.
205
Calculate the remainder when 39479694 is divided by 5961.
5952
Calculate the remainder when 845585 is divided by 845548.
37
What is the remainder when 31661873 is divided by 27?
26
What is the remainder when 24786923 is divided by 215?
3
Calculate the remainder when 1389572 is divided by 11677.
9
Calculate the remainder when 6874 is divided by 6709.
165
Calculate the remainder when 3574673 is divided by 274974.
11
What is the remainder when 101723 is divided by 7794?
401
Calculate the remainder when 17223537 is divided by 5741179.
0
What is the remainder when 59769877 is divided by 2257?
3
Calculate the remainder when 622620 is divided by 1729.
180
Calculate the remainder when 628012 is divided by 417.
10
Calculate the remainder when 442781 is divided by 29506.
191
Calculate the remainder when 5404025 is divided by 154398.
95
Calculate the remainder when 2211390 is divided by 10.
0
Calculate the remainder when 48926 is divided by 87.
32
Calculate the remainder when 456381609 is divided by 3418.
3413
What is the remainder when 6860122 is divided by 116?
114
What is the remainder when 267585 is divided by 267546?
39
What is the remainder when 2826668 is divided by 2258?
1910
Calculate the remainder when 7743 is divided by 496.
303
What is the remainder when 9212 is divided by 1552?
1452
Calculate the remainder when 1431567 is divided by 11734.
19
Calculate the remainder when 7735108 is divided by 201.
25
What is the remainder when 281484 is divided by 10034?
532
What is the remainder when 19043901 is divided by 3808772?
41
Calculate the remainder when 18025897 is divided by 4506469.
21
What is the remainder when 5434596 is divided by 495?
486
What is the remainder when 513676 is divided by 7554?
4
What is the remainder when 1227089 is divided by 603?
587
What is the remainder when 82952486 is divided by 33?
23
Calculate the remainder when 390730 is divided by 1776.
10
Calculate the remainder when 21393659 is divided by 50.
9
Calculate the remainder when 46930 is divided by 3570.
520
Calculate the remainder when 13643707 is divided by 144.
139
Calculate the remainder when 111052 is divided by 1028.
28
What is the remainder when 7511480 is divided by 68?
64
What is the remainder when 202242 is divided by 508?
58
Calculate the remainder when 1306082 is divided by 37.
19
What is the remainder when 1777937 is divided by 563?
546
What is the remainder when 122742 is divided by 212?
206
Calculate the remainder when 262220 is divided by 18.
14
What is the remainder when 6390754 is divided by 2533?
2528
Calculate the remainder when 125289 is divided by 6959.
27
Calculate the remainder when 3931371 is divided by 36.
27
Calculate the remainder when 7674861 is divided by 735.
726
Calculate the remainder when 4646957 is divided by 686.
679
Calculate the remainder when 311969 is divided by 25996.
17
What is the remainder when 64651 is divided by 1785?
391
What is the remainder when 486683 is divided by 3242?
383
What is the remainder when 10391 is divided by 485?
206
What is the remainder when 218327 is divided by 2701?
2247
Calculate the remainder when 30388 is divided by 132.
28
What is the remainder when 30703889 is divided by 29?
23
Calculate the remainder when 20033464 is divided by 21.
10
Calculate the remainder when 2657079 is divided by 1468.
1467
What is the remainder when 1864148 is divided by 133?
20
What is the remainder when 515306 is divided by 73547?
477
What is the remainder when 1369217 is divided by 342300?
17
What is the remainder when 5446288 is divided by 778039?
15
Calculate the remainder when 88429377 is divided by 195.
192
What is the remainder when 681252 is divided by 1746?
312
What is the remainder when 686320 is divided by 1211?
894
Calculate the remainder when 4683282 is divided by 57.
48
What is the remainder when 3536445 is divided by 589404?
21
What is the remainder when 1741465 is divided by 1752?
1729
Calculate the remainder when 42959676 is divided by 1696.
1692
What is the remainder when 1135781153 is divided by 4713?
4709
What is the remainder when 7968789 is divided by 3722?
3709
Calculate the remainder when 1196077446 is divided by 1841.
1838
Calculate the remainder when 1120769 is divided by 12420.
2969
Calculate the remainder when 8350119 is divided by 84.
15
What is the remainder when 946186874 is divided by 628?
626
Calculate the remainder when 147613 is divided by 1370.
1023
Calculate the remainder when 1461755 is divided by 13914.
785
Calculate the remainder when 38467429 is divided by 10.
9
Calculate the remainder when 6990983 is divided by 72.
71
Calculate the remainder when 15953 is divided by 86.
43
Calculate the remainder when 39845028 is divided by 14.
6
Calculate the remainder when 5186297 is divided by 478.
475
What is the remainder when 240993 is divided by 2348?
1497
What is the remainder when 3119892 is divided by 207990?
42
Calculate the remainder when 1797585 is divided by 501.
498
Calculate the remainder when 22072845 is divided by 738.
3
Calculate the remainder when 35084 is divided by 1245.
224
Calculate the remainder when 17924 is divided by 1267.
186
What is the remainder when 195068 is divided by 64943?
239
Calculate the remainder when 489295 is divided by 44480.
15
What is the remainder when 457678 is divided by 15254?
58
What is the remainder when 1011222 is divided by 27319?
419
What is the remainder when 120604311 is divided by 361?
348
What is the remainder when 3852793 is divided by 493?
491
What is the remainder when 14466440 is divided by 790?
750
Calculate the remainder when 117997352 is divided by 1685676.
32
Calculate the remainder when 24620 is divided by 7894.
938
Calculate the remainder when 229514 is divided by 628.
294
What is the remainder when 5117551 is divided by 76?
15
What is the remainder when 234213 is divided by 425?
38
Calculate the remainder when 27717 is divided by 693.
690
Calculate the remainder when 353454 is divided by 17.
7
What is the remainder when 260456740 is divided by 17?
12
Calculate the remainder when 13510 is divided by 6024.
1462
Calculate the remainder when 9679297 is divided by 2150.
2147
What is the remainder when 1337304 is divided by 117?
111
What is the remainder when 92713496 is divided by 125?
121
Calculate the remainder when 597805951 is divided by 1088.
1087
What is the remainder when 2054965 is divided by 753?
28
Calculate the remainder when 33441077 is divided by 38571.
20
Calculate the remainder when 540151 is divided by 10.
1
Calculate the remainder when 249368 is divided by 22467.
2231
What is the remainder when 4507303 is divided by 259?
185
Calculate the remainder when 77301 is divided by 3494.
433
What is the remainder when 1577914 is divided by 86?
72
What is the remainder when 35082508 is divided by 6449?
6397
Calculate the remainder when 945878 is divided by 37.
10
Calculate the remainder when 56555 is divided by 27199.
2157
What is the remainder when 17419 is divided by 705?
499
Calculate the remainder when 4631478 is divided by 556.
554
What is the remainder when 10263491 is divided by 10263456?
35
Calculate the remainder when 3736539 is divided by 934089.
183
What is the remainder when 495597 is